{"id":2,"date":"2012-06-03T03:11:58","date_gmt":"2012-06-03T03:11:58","guid":{"rendered":"http:\/\/www.toque-musicall.com\/?page_id=2"},"modified":"2021-01-07T20:46:46","modified_gmt":"2021-01-07T23:46:46","slug":"pagina-exemplo","status":"publish","type":"page","link":"https:\/\/www.toque-musicall.com\/?page_id=2","title":{"rendered":"Toque Inicial"},"content":{"rendered":"<p>Para ter acesso ao conte\u00fado das publica\u00e7\u00f5es deste blog \u00e9 necess\u00e1rio estar associado ao nosso Grupo Toque Musical.\u00a0A solicita\u00e7\u00e3o pode ser feita <span style=\"color: #ffff00;\"><strong><a href=\"http:\/\/groups.google.com\/group\/toquelinkmusical?hl=3D3Dpt-BR\" target=\"_blank\" rel=\"noopener\">AQUI<\/a><\/strong><\/span>.\u00a0Os arquivos s\u00f3 poder\u00e3o ser acessados atrav\u00e9s do GTM. \u00c9 l\u00e1 que diariamente s\u00e3o postados os links e onde o associado poder\u00e1 pesquisar tantos outros.\u00a0Observem que ao configurarem suas participa\u00e7\u00f5es no Grupo, deve ser marcado o item &#8220;N\u00e3o enviar e-mails&#8221;. Qualquer marca\u00e7\u00e3o fora desse padr\u00e3o ser\u00e1 o autor excluido do GTM.<\/p>\n<p>Leiam com aten\u00e7\u00e3o as informa\u00e7\u00f5es contidas no site do GTM para n\u00e3o terem d\u00favidas.<\/p>\n<p>A pesquisa por links dever ser feita conforme o t\u00edtulo da postagem requerida. Os links tem um prazo de validade de at\u00e9 6 meses. Passado esse per\u00edodo N\u00c3O H\u00c1 REPOSI\u00c7\u00c3O DE NOVOS LINKS (exceto para as colet\u00e2neas produzidas pelo pr\u00f3prio Toque Musical).<\/p>\n<p>Ainda assim, para aqueles que estiverem interessados em t\u00edtulos j\u00e1 vencidos, podem fazer a solicita\u00e7\u00e3o de forma pessoal, pelo e-mail toquelinkmusical@gmail.com. O material \u00e9 enviado direta e exclusivamente para o e-mail pessoal do solicitado, mediante a contrapartida de uma colabora\u00e7\u00e3o financeira, que muito nos ajuda a manter este espa\u00e7o sempre ativo.<\/p>\n<p>Sugest\u00f5es, cr\u00edticas e assuntos variados devem ser encaminhados \u00e0 se\u00e7\u00e3o de Coment\u00e1rios, nas postagens aqui do blog, ou ainda ao e-mail do Toque Musical (toquelinkmusical@gmail.com)<\/p>\n<p><strong>Se j\u00e1 foi publicado, do p\u00fablico\u00a0\u00e9!<\/strong><\/p>\n<p><strong>SEJAM BEM VINDOS!<\/strong><\/p>\n","protected":false},"excerpt":{"rendered":"<p>Para ter acesso ao conte\u00fado das publica\u00e7\u00f5es deste blog \u00e9 necess\u00e1rio estar associado ao nosso Grupo Toque Musical.\u00a0A solicita\u00e7\u00e3o pode ser feita AQUI.\u00a0Os arquivos s\u00f3 poder\u00e3o ser acessados atrav\u00e9s do GTM. \u00c9 l\u00e1 que diariamente s\u00e3o postados os links e &hellip; <a href=\"https:\/\/www.toque-musicall.com\/?page_id=2\">Continue lendo <span class=\"meta-nav\">&rarr;<\/span><\/a><\/p>\n","protected":false},"author":1,"featured_media":0,"parent":0,"menu_order":0,"comment_status":"open","ping_status":"closed","template":"","meta":{"footnotes":""},"class_list":["post-2","page","type-page","status-publish","hentry"],"_links":{"self":[{"href":"https:\/\/www.toque-musicall.com\/index.php?rest_route=\/wp\/v2\/pages\/2","targetHints":{"allow":["GET"]}}],"collection":[{"href":"https:\/\/www.toque-musicall.com\/index.php?rest_route=\/wp\/v2\/pages"}],"about":[{"href":"https:\/\/www.toque-musicall.com\/index.php?rest_route=\/wp\/v2\/types\/page"}],"author":[{"embeddable":true,"href":"https:\/\/www.toque-musicall.com\/index.php?rest_route=\/wp\/v2\/users\/1"}],"replies":[{"embeddable":true,"href":"https:\/\/www.toque-musicall.com\/index.php?rest_route=%2Fwp%2Fv2%2Fcomments&post=2"}],"version-history":[{"count":5,"href":"https:\/\/www.toque-musicall.com\/index.php?rest_route=\/wp\/v2\/pages\/2\/revisions"}],"predecessor-version":[{"id":8135,"href":"https:\/\/www.toque-musicall.com\/index.php?rest_route=\/wp\/v2\/pages\/2\/revisions\/8135"}],"wp:attachment":[{"href":"https:\/\/www.toque-musicall.com\/index.php?rest_route=%2Fwp%2Fv2%2Fmedia&parent=2"}],"curies":[{"name":"wp","href":"https:\/\/api.w.org\/{rel}","templated":true}]}}